{"id":29,"date":"2019-08-10T18:05:15","date_gmt":"2019-08-10T18:05:15","guid":{"rendered":"https:\/\/jupiterx.artbees.net\/fast-food\/?page_id=29"},"modified":"2020-02-05T14:12:05","modified_gmt":"2020-02-05T14:12:05","slug":"blog","status":"publish","type":"page","link":"https:\/\/www.maj.aventure-pyreneenne.com\/index.php\/blog\/","title":{"rendered":"Blog"},"content":{"rendered":"\t\t<div data-elementor-type=\"wp-post\" data-elementor-id=\"29\" class=\"elementor elementor-29\">\n\t\t\t\t\t\t<section class=\"elementor-section elementor-top-section elementor-element elementor-element-048e1b9 elementor-section-stretched elementor-section-full_width elementor-section-height-min-height elementor-section-height-default elementor-section-items-middle\" data-id=\"048e1b9\" data-element_type=\"section\" data-settings=\"{&quot;stretch_section&quot;:&quot;section-stretched&quot;,&quot;jet_parallax_layout_list&quot;:[{&quot;jet_parallax_layout_image&quot;:{&quot;url&quot;:&quot;&quot;,&quot;id&quot;:&quot;&quot;,&quot;size&quot;:&quot;&quot;},&quot;_id&quot;:&quot;f7374ff&quot;,&quot;jet_parallax_layout_image_tablet&quot;:{&quot;url&quot;:&quot;&quot;,&quot;id&quot;:&quot;&quot;,&quot;size&quot;:&quot;&quot;},&quot;jet_parallax_layout_image_mobile&quot;:{&quot;url&quot;:&quot;&quot;,&quot;id&quot;:&quot;&quot;,&quot;size&quot;:&quot;&quot;},&quot;jet_parallax_layout_speed&quot;:{&quot;unit&quot;:&quot;%&quot;,&quot;size&quot;:&quot;50&quot;,&quot;sizes&quot;:[]},&quot;jet_parallax_layout_type&quot;:&quot;scroll&quot;,&quot;jet_parallax_layout_z_index&quot;:&quot;&quot;,&quot;jet_parallax_layout_bg_x&quot;:&quot;50&quot;,&quot;jet_parallax_layout_bg_y&quot;:&quot;50&quot;,&quot;jet_parallax_layout_bg_size&quot;:&quot;auto&quot;,&quot;jet_parallax_layout_animation_prop&quot;:&quot;transform&quot;,&quot;jet_parallax_layout_on&quot;:[&quot;desktop&quot;,&quot;tablet&quot;],&quot;jet_parallax_layout_direction&quot;:&quot;1&quot;,&quot;jet_parallax_layout_fx_direction&quot;:null,&quot;jet_parallax_layout_bg_x_tablet&quot;:&quot;&quot;,&quot;jet_parallax_layout_bg_x_mobile&quot;:&quot;&quot;,&quot;jet_parallax_layout_bg_y_tablet&quot;:&quot;&quot;,&quot;jet_parallax_layout_bg_y_mobile&quot;:&quot;&quot;,&quot;jet_parallax_layout_bg_size_tablet&quot;:&quot;&quot;,&quot;jet_parallax_layout_bg_size_mobile&quot;:&quot;&quot;}],&quot;background_background&quot;:&quot;classic&quot;,&quot;shape_divider_bottom&quot;:&quot;curve&quot;,&quot;shape_divider_bottom_negative&quot;:&quot;yes&quot;}\">\n\t\t\t\t\t\t\t<div class=\"elementor-background-overlay\"><\/div>\n\t\t\t\t\t\t<div class=\"elementor-shape elementor-shape-bottom\" aria-hidden=\"true\" data-negative=\"true\">\n\t\t\t<svg xmlns=\"http:\/\/www.w3.org\/2000\/svg\" viewBox=\"0 0 1000 100\" preserveAspectRatio=\"none\">\n\t<path class=\"elementor-shape-fill\" d=\"M500,97C126.7,96.3,0.8,19.8,0,0v100l1000,0V1C1000,19.4,873.3,97.8,500,97z\"\/>\n<\/svg>\t\t<\/div>\n\t\t\t\t\t<div class=\"elementor-container elementor-column-gap-default\">\n\t\t\t\t\t<div class=\"elementor-column elementor-col-100 elementor-top-column elementor-element elementor-element-6e60039\" data-id=\"6e60039\" data-element_type=\"column\">\n\t\t\t<div class=\"elementor-widget-wrap elementor-element-populated\">\n\t\t\t\t\t\t<div class=\"elementor-element elementor-element-dda5e96 elementor-align-center elementor-widget elementor-widget-raven-heading\" data-id=\"dda5e96\" data-element_type=\"widget\" data-widget_type=\"raven-heading.default\">\n\t\t\t\t<div class=\"elementor-widget-container\">\n\t\t\t\t\t\t\t<div class=\"raven-widget-wrapper\"><h1 class=\"raven-heading raven-heading-h1\"><span class=\"raven-heading-title \">Le blog d'aventure Pyr\u00e9n\u00e9enne<\/span><\/h1><\/div>\n\t\t\t\t\t\t<\/div>\n\t\t\t\t<\/div>\n\t\t\t\t\t<\/div>\n\t\t<\/div>\n\t\t\t\t\t<\/div>\n\t\t<\/section>\n\t\t\t\t<section class=\"elementor-section elementor-top-section elementor-element elementor-element-828b10c elementor-section-boxed elementor-section-height-default elementor-section-height-default\" data-id=\"828b10c\" data-element_type=\"section\" data-settings=\"{&quot;jet_parallax_layout_list&quot;:[{&quot;jet_parallax_layout_image&quot;:{&quot;url&quot;:&quot;&quot;,&quot;id&quot;:&quot;&quot;,&quot;size&quot;:&quot;&quot;},&quot;_id&quot;:&quot;89e7513&quot;,&quot;jet_parallax_layout_image_tablet&quot;:{&quot;url&quot;:&quot;&quot;,&quot;id&quot;:&quot;&quot;,&quot;size&quot;:&quot;&quot;},&quot;jet_parallax_layout_image_mobile&quot;:{&quot;url&quot;:&quot;&quot;,&quot;id&quot;:&quot;&quot;,&quot;size&quot;:&quot;&quot;},&quot;jet_parallax_layout_speed&quot;:{&quot;unit&quot;:&quot;%&quot;,&quot;size&quot;:&quot;50&quot;,&quot;sizes&quot;:[]},&quot;jet_parallax_layout_type&quot;:&quot;scroll&quot;,&quot;jet_parallax_layout_z_index&quot;:&quot;&quot;,&quot;jet_parallax_layout_bg_x&quot;:&quot;50&quot;,&quot;jet_parallax_layout_bg_y&quot;:&quot;50&quot;,&quot;jet_parallax_layout_bg_size&quot;:&quot;auto&quot;,&quot;jet_parallax_layout_animation_prop&quot;:&quot;transform&quot;,&quot;jet_parallax_layout_on&quot;:[&quot;desktop&quot;,&quot;tablet&quot;],&quot;jet_parallax_layout_direction&quot;:&quot;1&quot;,&quot;jet_parallax_layout_fx_direction&quot;:null,&quot;jet_parallax_layout_bg_x_tablet&quot;:&quot;&quot;,&quot;jet_parallax_layout_bg_x_mobile&quot;:&quot;&quot;,&quot;jet_parallax_layout_bg_y_tablet&quot;:&quot;&quot;,&quot;jet_parallax_layout_bg_y_mobile&quot;:&quot;&quot;,&quot;jet_parallax_layout_bg_size_tablet&quot;:&quot;&quot;,&quot;jet_parallax_layout_bg_size_mobile&quot;:&quot;&quot;}]}\">\n\t\t\t\t\t\t<div class=\"elementor-container elementor-column-gap-default\">\n\t\t\t\t\t<div class=\"elementor-column elementor-col-100 elementor-top-column elementor-element elementor-element-77f4c2f\" data-id=\"77f4c2f\" data-element_type=\"column\">\n\t\t\t<div class=\"elementor-widget-wrap elementor-element-populated\">\n\t\t\t\t\t\t<div class=\"elementor-element elementor-element-9f159d2 elementor-widget elementor-widget-raven-posts\" data-id=\"9f159d2\" data-element_type=\"widget\" data-settings=\"{&quot;classic_columns&quot;:&quot;2&quot;,&quot;classic_show_pagination&quot;:&quot;yes&quot;,&quot;_skin&quot;:&quot;classic&quot;,&quot;classic_layout&quot;:&quot;grid&quot;,&quot;classic_columns_tablet&quot;:&quot;2&quot;,&quot;classic_columns_mobile&quot;:&quot;1&quot;,&quot;query_posts_per_page&quot;:6,&quot;classic_pagination_type&quot;:&quot;page_based&quot;,&quot;query_offset&quot;:0}\" data-widget_type=\"raven-posts.classic\">\n\t\t\t\t<div class=\"elementor-widget-container\">\n\t\t\t\t\t\t\t<div class=\"raven-posts raven-grid raven-grid-2 raven-grid-mobile-1 raven-grid-tablet-2\" data-post-id=\"29\" data-archive-query=\"\" data-lang=\"\">\n\t\t\t\t<div class=\"raven-grid-item raven-post-item post-8673 post type-post status-publish format-standard has-post-thumbnail hentry category-blog\">\n\t\t\t<div class=\"raven-post\">\n\t\t\t\t\t\t<div class=\"raven-post-image-wrap\">\n\t\t\t<a class=\"raven-post-image raven-image-fit\" href=\"https:\/\/www.maj.aventure-pyreneenne.com\/index.php\/2023\/11\/23\/preparez-vos-vacances-a-la-neige\/\"><img fetchpriority=\"high\" decoding=\"async\" width=\"960\" height=\"356\" src=\"https:\/\/www.maj.aventure-pyreneenne.com\/wp-content\/uploads\/2023\/11\/vacances-neige-fontromeu.jpg\" class=\"attachment-large size-large wp-image-8692\" alt=\"Vos vacances \u00e0 la neige \u00e0 Font-Romeu\" srcset=\"https:\/\/www.maj.aventure-pyreneenne.com\/wp-content\/uploads\/2023\/11\/vacances-neige-fontromeu.jpg 960w, https:\/\/www.maj.aventure-pyreneenne.com\/wp-content\/uploads\/2023\/11\/vacances-neige-fontromeu-300x111.jpg 300w, https:\/\/www.maj.aventure-pyreneenne.com\/wp-content\/uploads\/2023\/11\/vacances-neige-fontromeu-768x285.jpg 768w\" sizes=\"(max-width: 960px) 100vw, 960px\" \/> <span class=\"raven-post-image-overlay\"><\/span><\/a>\t\t<\/div>\n\t\t\t\t\t\t<div class=\"raven-post-content\">\n\t\t\t\t\t\t\t<div class=\"raven-post-meta\"><a class=\"raven-post-meta-item raven-post-date\" href=\"https:\/\/www.maj.aventure-pyreneenne.com\/index.php\/2023\/11\/\" rel=\"bookmark\">novembre 23, 2023<\/a><\/div>\n\t\t<h3 class=\"raven-post-title\"><a class=\"raven-post-title-link\" href=\"https:\/\/www.maj.aventure-pyreneenne.com\/index.php\/2023\/11\/23\/preparez-vos-vacances-a-la-neige\/\">Pr\u00e9parez vos vacances \u00e0 la neige<\/a><\/h3>\t\t\t\t<\/div>\n\t\t\t<\/div>\n\t\t<\/div>\n\t\t\t\t<div class=\"raven-grid-item raven-post-item post-7553 post type-post status-publish format-standard has-post-thumbnail hentry category-blog\">\n\t\t\t<div class=\"raven-post\">\n\t\t\t\t\t\t<div class=\"raven-post-image-wrap\">\n\t\t\t<a class=\"raven-post-image raven-image-fit\" href=\"https:\/\/www.maj.aventure-pyreneenne.com\/index.php\/2023\/05\/22\/fete-de-la-nature-2023\/\"><img decoding=\"async\" width=\"960\" height=\"356\" src=\"https:\/\/www.maj.aventure-pyreneenne.com\/wp-content\/uploads\/2023\/05\/programme-fete-nature-2023.jpg\" class=\"attachment-large size-large wp-image-7563\" alt=\"programme fete de la nature 2023 Les Bouillouses\" srcset=\"https:\/\/www.maj.aventure-pyreneenne.com\/wp-content\/uploads\/2023\/05\/programme-fete-nature-2023.jpg 960w, https:\/\/www.maj.aventure-pyreneenne.com\/wp-content\/uploads\/2023\/05\/programme-fete-nature-2023-300x111.jpg 300w, https:\/\/www.maj.aventure-pyreneenne.com\/wp-content\/uploads\/2023\/05\/programme-fete-nature-2023-768x285.jpg 768w\" sizes=\"(max-width: 960px) 100vw, 960px\" \/> <span class=\"raven-post-image-overlay\"><\/span><\/a>\t\t<\/div>\n\t\t\t\t\t\t<div class=\"raven-post-content\">\n\t\t\t\t\t\t\t<div class=\"raven-post-meta\"><a class=\"raven-post-meta-item raven-post-date\" href=\"https:\/\/www.maj.aventure-pyreneenne.com\/index.php\/2023\/05\/\" rel=\"bookmark\">mai 22, 2023<\/a><\/div>\n\t\t<h3 class=\"raven-post-title\"><a class=\"raven-post-title-link\" href=\"https:\/\/www.maj.aventure-pyreneenne.com\/index.php\/2023\/05\/22\/fete-de-la-nature-2023\/\">F\u00eate de la Nature 2023<\/a><\/h3>\t\t\t\t<\/div>\n\t\t\t<\/div>\n\t\t<\/div>\n\t\t\t\t<div class=\"raven-grid-item raven-post-item post-6118 post type-post status-publish format-standard has-post-thumbnail hentry category-blog\">\n\t\t\t<div class=\"raven-post\">\n\t\t\t\t\t\t<div class=\"raven-post-image-wrap\">\n\t\t\t<a class=\"raven-post-image raven-image-fit\" href=\"https:\/\/www.maj.aventure-pyreneenne.com\/index.php\/2022\/05\/16\/fete-de-la-nature-2022\/\"><img decoding=\"async\" width=\"960\" height=\"356\" src=\"https:\/\/www.maj.aventure-pyreneenne.com\/wp-content\/uploads\/2022\/05\/fete-nature-2022.png\" class=\"attachment-large size-large wp-image-6122\" alt=\"Affiche f\u00eate de la Nature 2022\" srcset=\"https:\/\/www.maj.aventure-pyreneenne.com\/wp-content\/uploads\/2022\/05\/fete-nature-2022.png 960w, https:\/\/www.maj.aventure-pyreneenne.com\/wp-content\/uploads\/2022\/05\/fete-nature-2022-300x111.png 300w, https:\/\/www.maj.aventure-pyreneenne.com\/wp-content\/uploads\/2022\/05\/fete-nature-2022-768x285.png 768w\" sizes=\"(max-width: 960px) 100vw, 960px\" \/> <span class=\"raven-post-image-overlay\"><\/span><\/a>\t\t<\/div>\n\t\t\t\t\t\t<div class=\"raven-post-content\">\n\t\t\t\t\t\t\t<div class=\"raven-post-meta\"><a class=\"raven-post-meta-item raven-post-date\" href=\"https:\/\/www.maj.aventure-pyreneenne.com\/index.php\/2022\/05\/\" rel=\"bookmark\">mai 16, 2022<\/a><\/div>\n\t\t<h3 class=\"raven-post-title\"><a class=\"raven-post-title-link\" href=\"https:\/\/www.maj.aventure-pyreneenne.com\/index.php\/2022\/05\/16\/fete-de-la-nature-2022\/\">F\u00eate de la Nature 2022<\/a><\/h3>\t\t\t\t<\/div>\n\t\t\t<\/div>\n\t\t<\/div>\n\t\t\t\t<div class=\"raven-grid-item raven-post-item post-4993 post type-post status-publish format-standard has-post-thumbnail hentry category-blog\">\n\t\t\t<div class=\"raven-post\">\n\t\t\t\t\t\t<div class=\"raven-post-image-wrap\">\n\t\t\t<a class=\"raven-post-image raven-image-fit\" href=\"https:\/\/www.maj.aventure-pyreneenne.com\/index.php\/2021\/09\/01\/pre-coupe-du-monde-de-parapente-a-targasonne\/\"><img loading=\"lazy\" decoding=\"async\" width=\"1024\" height=\"682\" src=\"https:\/\/www.maj.aventure-pyreneenne.com\/wp-content\/uploads\/2021\/09\/affiche-pre-coupe-monde-parapente-1024x682.jpg\" class=\"attachment-large size-large wp-image-5026\" alt=\"Affiche Pr\u00e9-Coupe du Monde de Parapente 2021\" srcset=\"https:\/\/www.maj.aventure-pyreneenne.com\/wp-content\/uploads\/2021\/09\/affiche-pre-coupe-monde-parapente-1024x682.jpg 1024w, https:\/\/www.maj.aventure-pyreneenne.com\/wp-content\/uploads\/2021\/09\/affiche-pre-coupe-monde-parapente-300x200.jpg 300w, https:\/\/www.maj.aventure-pyreneenne.com\/wp-content\/uploads\/2021\/09\/affiche-pre-coupe-monde-parapente-768x512.jpg 768w, https:\/\/www.maj.aventure-pyreneenne.com\/wp-content\/uploads\/2021\/09\/affiche-pre-coupe-monde-parapente-1536x1023.jpg 1536w, https:\/\/www.maj.aventure-pyreneenne.com\/wp-content\/uploads\/2021\/09\/affiche-pre-coupe-monde-parapente.jpg 1920w\" sizes=\"(max-width: 1024px) 100vw, 1024px\" \/> <span class=\"raven-post-image-overlay\"><\/span><\/a>\t\t<\/div>\n\t\t\t\t\t\t<div class=\"raven-post-content\">\n\t\t\t\t\t\t\t<div class=\"raven-post-meta\"><a class=\"raven-post-meta-item raven-post-date\" href=\"https:\/\/www.maj.aventure-pyreneenne.com\/index.php\/2021\/09\/\" rel=\"bookmark\">septembre 1, 2021<\/a><\/div>\n\t\t<h3 class=\"raven-post-title\"><a class=\"raven-post-title-link\" href=\"https:\/\/www.maj.aventure-pyreneenne.com\/index.php\/2021\/09\/01\/pre-coupe-du-monde-de-parapente-a-targasonne\/\">Pr\u00e9-Coupe du Monde de Parapente \u00e0 Targasonne<\/a><\/h3>\t\t\t\t<\/div>\n\t\t\t<\/div>\n\t\t<\/div>\n\t\t\t\t<div class=\"raven-grid-item raven-post-item post-4769 post type-post status-publish format-standard has-post-thumbnail hentry category-blog\">\n\t\t\t<div class=\"raven-post\">\n\t\t\t\t\t\t<div class=\"raven-post-image-wrap\">\n\t\t\t<a class=\"raven-post-image raven-image-fit\" href=\"https:\/\/www.maj.aventure-pyreneenne.com\/index.php\/2021\/06\/23\/randonnee-reserve-naturelle-vallee-eyne\/\"><img loading=\"lazy\" decoding=\"async\" width=\"1024\" height=\"556\" src=\"https:\/\/www.maj.aventure-pyreneenne.com\/wp-content\/uploads\/2021\/06\/lys-martagon-reserve-vallee-eyne-fleur-1024x556.jpg\" class=\"attachment-large size-large wp-image-4775\" alt=\"Lys Martagon dans la r\u00e9serve naturelle de la Vall\u00e9e d&#039;Eyne\" srcset=\"https:\/\/www.maj.aventure-pyreneenne.com\/wp-content\/uploads\/2021\/06\/lys-martagon-reserve-vallee-eyne-fleur-1024x556.jpg 1024w, https:\/\/www.maj.aventure-pyreneenne.com\/wp-content\/uploads\/2021\/06\/lys-martagon-reserve-vallee-eyne-fleur-300x163.jpg 300w, https:\/\/www.maj.aventure-pyreneenne.com\/wp-content\/uploads\/2021\/06\/lys-martagon-reserve-vallee-eyne-fleur-768x417.jpg 768w, https:\/\/www.maj.aventure-pyreneenne.com\/wp-content\/uploads\/2021\/06\/lys-martagon-reserve-vallee-eyne-fleur.jpg 1290w\" sizes=\"(max-width: 1024px) 100vw, 1024px\" \/> <span class=\"raven-post-image-overlay\"><\/span><\/a>\t\t<\/div>\n\t\t\t\t\t\t<div class=\"raven-post-content\">\n\t\t\t\t\t\t\t<div class=\"raven-post-meta\"><a class=\"raven-post-meta-item raven-post-date\" href=\"https:\/\/www.maj.aventure-pyreneenne.com\/index.php\/2021\/06\/\" rel=\"bookmark\">juin 23, 2021<\/a><\/div>\n\t\t<h3 class=\"raven-post-title\"><a class=\"raven-post-title-link\" href=\"https:\/\/www.maj.aventure-pyreneenne.com\/index.php\/2021\/06\/23\/randonnee-reserve-naturelle-vallee-eyne\/\">Randonn\u00e9e dans la R\u00e9serve Naturelle de la Vall\u00e9e d&rsquo;Eyne<\/a><\/h3>\t\t\t\t<\/div>\n\t\t\t<\/div>\n\t\t<\/div>\n\t\t\t\t<div class=\"raven-grid-item raven-post-item post-4756 post type-post status-publish format-standard has-post-thumbnail hentry category-blog\">\n\t\t\t<div class=\"raven-post\">\n\t\t\t\t\t\t<div class=\"raven-post-image-wrap\">\n\t\t\t<a class=\"raven-post-image raven-image-fit\" href=\"https:\/\/www.maj.aventure-pyreneenne.com\/index.php\/2021\/06\/17\/label-famille-plus\/\"><img loading=\"lazy\" decoding=\"async\" width=\"1024\" height=\"556\" src=\"https:\/\/www.maj.aventure-pyreneenne.com\/wp-content\/uploads\/2021\/06\/label-famille-plus-sport-nature-1024x556.jpg\" class=\"attachment-large size-large wp-image-4758\" alt=\"label-sports-nature-famille-plus\" srcset=\"https:\/\/www.maj.aventure-pyreneenne.com\/wp-content\/uploads\/2021\/06\/label-famille-plus-sport-nature-1024x556.jpg 1024w, https:\/\/www.maj.aventure-pyreneenne.com\/wp-content\/uploads\/2021\/06\/label-famille-plus-sport-nature-300x163.jpg 300w, https:\/\/www.maj.aventure-pyreneenne.com\/wp-content\/uploads\/2021\/06\/label-famille-plus-sport-nature-768x417.jpg 768w, https:\/\/www.maj.aventure-pyreneenne.com\/wp-content\/uploads\/2021\/06\/label-famille-plus-sport-nature.jpg 1290w\" sizes=\"(max-width: 1024px) 100vw, 1024px\" \/> <span class=\"raven-post-image-overlay\"><\/span><\/a>\t\t<\/div>\n\t\t\t\t\t\t<div class=\"raven-post-content\">\n\t\t\t\t\t\t\t<div class=\"raven-post-meta\"><a class=\"raven-post-meta-item raven-post-date\" href=\"https:\/\/www.maj.aventure-pyreneenne.com\/index.php\/2021\/06\/\" rel=\"bookmark\">juin 17, 2021<\/a><\/div>\n\t\t<h3 class=\"raven-post-title\"><a class=\"raven-post-title-link\" href=\"https:\/\/www.maj.aventure-pyreneenne.com\/index.php\/2021\/06\/17\/label-famille-plus\/\">Label Famille Plus<\/a><\/h3>\t\t\t\t<\/div>\n\t\t\t<\/div>\n\t\t<\/div>\n\t\t\t\t<\/div>\n\t\t\t\t<div class=\"raven-pagination\" data-settings=\"{&quot;posts_per_page&quot;:6,&quot;total_pages&quot;:5,&quot;pages_visible&quot;:7}\">\n\t\t\t<div class=\"raven-pagination-items\">\n\t\t\t\t<a class=\"raven-pagination-prev raven-pagination-item raven-pagination-disabled\" href=\"#\">&lt;<\/a><a class=\"raven-pagination-num raven-pagination-item raven-pagination-active\" href=\"#\" data-page-num=\"1\">1<\/a><a class=\"raven-pagination-num raven-pagination-item\" href=\"#\" data-page-num=\"2\">2<\/a><a class=\"raven-pagination-num raven-pagination-item\" href=\"#\" data-page-num=\"3\">3<\/a><a class=\"raven-pagination-num raven-pagination-item\" href=\"#\" data-page-num=\"4\">4<\/a><a class=\"raven-pagination-num raven-pagination-item\" href=\"#\" data-page-num=\"5\">5<\/a><a class=\"raven-pagination-next raven-pagination-item\" href=\"#\">&gt;<\/a>\t\t\t<\/div>\n\t\t<\/div>\n\t\t\t\t\t\t<\/div>\n\t\t\t\t<\/div>\n\t\t\t\t\t<\/div>\n\t\t<\/div>\n\t\t\t\t\t<\/div>\n\t\t<\/section>\n\t\t\t\t<\/div>\n\t\t","protected":false},"excerpt":{"rendered":"<p>Le blog d&rsquo;aventure Pyr\u00e9n\u00e9enne mai 29, 2019 Lac des Bouillouses &#8211; 20 ans ! mai 15, 2019 Piribus : voyage au coeur des Pyr\u00e9n\u00e9es avril 7, 2019 Rafting Challenge dans les Gorges de l&rsquo;Aude avril 3, 2019 Profession : explorateur janvier 27, 2019 Feel Good Challenge \u00e0 Formigu\u00e8res septembre 13, 2018 On vous dit tout [&hellip;]<\/p>\n","protected":false},"author":2,"featured_media":0,"parent":0,"menu_order":0,"comment_status":"closed","ping_status":"closed","template":"elementor_header_footer","meta":{"_acf_changed":false,"footnotes":""},"class_list":["post-29","page","type-page","status-publish","hentry"],"acf":[],"yoast_head":"<!-- This site is optimized with the Yoast SEO plugin v26.8 - https:\/\/yoast.com\/product\/yoast-seo-wordpress\/ -->\n<title>Blog - Aventure Pyr\u00e9n\u00e9enne<\/title>\n<meta name=\"description\" content=\"Le blog d&#039;Aventure Pyr\u00e9n\u00e9enne. Votre agence de sports nature dans les Pyr\u00e9n\u00e9es Orientales.\" \/>\n<meta name=\"robots\" content=\"noindex, follow, max-snippet:-1, max-image-preview:large, max-video-preview:-1\" \/>\n<meta property=\"og:locale\" content=\"fr_FR\" \/>\n<meta property=\"og:type\" content=\"article\" \/>\n<meta property=\"og:title\" content=\"Blog - Aventure Pyr\u00e9n\u00e9enne\" \/>\n<meta property=\"og:description\" content=\"Le blog d&#039;Aventure Pyr\u00e9n\u00e9enne. Votre agence de sports nature dans les Pyr\u00e9n\u00e9es Orientales.\" \/>\n<meta property=\"og:url\" content=\"https:\/\/www.maj.aventure-pyreneenne.com\/index.php\/blog\/\" \/>\n<meta property=\"og:site_name\" content=\"Aventure Pyr\u00e9n\u00e9enne\" \/>\n<meta property=\"article:modified_time\" content=\"2020-02-05T14:12:05+00:00\" \/>\n<meta property=\"og:image\" content=\"https:\/\/www.maj.aventure-pyreneenne.com\/wp-content\/uploads\/2019\/05\/CD66-20Ans-Bouillouses-1024x373.jpg\" \/>\n<meta name=\"twitter:card\" content=\"summary_large_image\" \/>\n<script type=\"application\/ld+json\" class=\"yoast-schema-graph\">{\"@context\":\"https:\/\/schema.org\",\"@graph\":[{\"@type\":\"WebPage\",\"@id\":\"https:\/\/www.maj.aventure-pyreneenne.com\/index.php\/blog\/\",\"url\":\"https:\/\/www.maj.aventure-pyreneenne.com\/index.php\/blog\/\",\"name\":\"Blog - Aventure Pyr\u00e9n\u00e9enne\",\"isPartOf\":{\"@id\":\"https:\/\/www.maj.aventure-pyreneenne.com\/#website\"},\"primaryImageOfPage\":{\"@id\":\"https:\/\/www.maj.aventure-pyreneenne.com\/index.php\/blog\/#primaryimage\"},\"image\":{\"@id\":\"https:\/\/www.maj.aventure-pyreneenne.com\/index.php\/blog\/#primaryimage\"},\"thumbnailUrl\":\"https:\/\/www.maj.aventure-pyreneenne.com\/wp-content\/uploads\/2019\/05\/CD66-20Ans-Bouillouses-1024x373.jpg\",\"datePublished\":\"2019-08-10T18:05:15+00:00\",\"dateModified\":\"2020-02-05T14:12:05+00:00\",\"description\":\"Le blog d'Aventure Pyr\u00e9n\u00e9enne. Votre agence de sports nature dans les Pyr\u00e9n\u00e9es Orientales.\",\"breadcrumb\":{\"@id\":\"https:\/\/www.maj.aventure-pyreneenne.com\/index.php\/blog\/#breadcrumb\"},\"inLanguage\":\"fr-FR\",\"potentialAction\":[{\"@type\":\"ReadAction\",\"target\":[\"https:\/\/www.maj.aventure-pyreneenne.com\/index.php\/blog\/\"]}]},{\"@type\":\"ImageObject\",\"inLanguage\":\"fr-FR\",\"@id\":\"https:\/\/www.maj.aventure-pyreneenne.com\/index.php\/blog\/#primaryimage\",\"url\":\"https:\/\/www.maj.aventure-pyreneenne.com\/wp-content\/uploads\/2019\/05\/CD66-20Ans-Bouillouses.jpg\",\"contentUrl\":\"https:\/\/www.maj.aventure-pyreneenne.com\/wp-content\/uploads\/2019\/05\/CD66-20Ans-Bouillouses.jpg\",\"width\":1920,\"height\":700,\"caption\":\"20 ans des Bouillouses - 22 & 23 juin\"},{\"@type\":\"BreadcrumbList\",\"@id\":\"https:\/\/www.maj.aventure-pyreneenne.com\/index.php\/blog\/#breadcrumb\",\"itemListElement\":[{\"@type\":\"ListItem\",\"position\":1,\"name\":\"Accueil\",\"item\":\"https:\/\/www.maj.aventure-pyreneenne.com\/\"},{\"@type\":\"ListItem\",\"position\":2,\"name\":\"Blog\"}]},{\"@type\":\"WebSite\",\"@id\":\"https:\/\/www.maj.aventure-pyreneenne.com\/#website\",\"url\":\"https:\/\/www.maj.aventure-pyreneenne.com\/\",\"name\":\"Aventure Pyr\u00e9n\u00e9enne\",\"description\":\"#LiveYourAdventure\",\"potentialAction\":[{\"@type\":\"SearchAction\",\"target\":{\"@type\":\"EntryPoint\",\"urlTemplate\":\"https:\/\/www.maj.aventure-pyreneenne.com\/?s={search_term_string}\"},\"query-input\":{\"@type\":\"PropertyValueSpecification\",\"valueRequired\":true,\"valueName\":\"search_term_string\"}}],\"inLanguage\":\"fr-FR\"}]}<\/script>\n<!-- \/ Yoast SEO plugin. -->","yoast_head_json":{"title":"Blog - Aventure Pyr\u00e9n\u00e9enne","description":"Le blog d'Aventure Pyr\u00e9n\u00e9enne. Votre agence de sports nature dans les Pyr\u00e9n\u00e9es Orientales.","robots":{"index":"noindex","follow":"follow","max-snippet":"max-snippet:-1","max-image-preview":"max-image-preview:large","max-video-preview":"max-video-preview:-1"},"og_locale":"fr_FR","og_type":"article","og_title":"Blog - Aventure Pyr\u00e9n\u00e9enne","og_description":"Le blog d'Aventure Pyr\u00e9n\u00e9enne. Votre agence de sports nature dans les Pyr\u00e9n\u00e9es Orientales.","og_url":"https:\/\/www.maj.aventure-pyreneenne.com\/index.php\/blog\/","og_site_name":"Aventure Pyr\u00e9n\u00e9enne","article_modified_time":"2020-02-05T14:12:05+00:00","og_image":[{"url":"https:\/\/www.maj.aventure-pyreneenne.com\/wp-content\/uploads\/2019\/05\/CD66-20Ans-Bouillouses-1024x373.jpg","type":"","width":"","height":""}],"twitter_card":"summary_large_image","schema":{"@context":"https:\/\/schema.org","@graph":[{"@type":"WebPage","@id":"https:\/\/www.maj.aventure-pyreneenne.com\/index.php\/blog\/","url":"https:\/\/www.maj.aventure-pyreneenne.com\/index.php\/blog\/","name":"Blog - Aventure Pyr\u00e9n\u00e9enne","isPartOf":{"@id":"https:\/\/www.maj.aventure-pyreneenne.com\/#website"},"primaryImageOfPage":{"@id":"https:\/\/www.maj.aventure-pyreneenne.com\/index.php\/blog\/#primaryimage"},"image":{"@id":"https:\/\/www.maj.aventure-pyreneenne.com\/index.php\/blog\/#primaryimage"},"thumbnailUrl":"https:\/\/www.maj.aventure-pyreneenne.com\/wp-content\/uploads\/2019\/05\/CD66-20Ans-Bouillouses-1024x373.jpg","datePublished":"2019-08-10T18:05:15+00:00","dateModified":"2020-02-05T14:12:05+00:00","description":"Le blog d'Aventure Pyr\u00e9n\u00e9enne. Votre agence de sports nature dans les Pyr\u00e9n\u00e9es Orientales.","breadcrumb":{"@id":"https:\/\/www.maj.aventure-pyreneenne.com\/index.php\/blog\/#breadcrumb"},"inLanguage":"fr-FR","potentialAction":[{"@type":"ReadAction","target":["https:\/\/www.maj.aventure-pyreneenne.com\/index.php\/blog\/"]}]},{"@type":"ImageObject","inLanguage":"fr-FR","@id":"https:\/\/www.maj.aventure-pyreneenne.com\/index.php\/blog\/#primaryimage","url":"https:\/\/www.maj.aventure-pyreneenne.com\/wp-content\/uploads\/2019\/05\/CD66-20Ans-Bouillouses.jpg","contentUrl":"https:\/\/www.maj.aventure-pyreneenne.com\/wp-content\/uploads\/2019\/05\/CD66-20Ans-Bouillouses.jpg","width":1920,"height":700,"caption":"20 ans des Bouillouses - 22 & 23 juin"},{"@type":"BreadcrumbList","@id":"https:\/\/www.maj.aventure-pyreneenne.com\/index.php\/blog\/#breadcrumb","itemListElement":[{"@type":"ListItem","position":1,"name":"Accueil","item":"https:\/\/www.maj.aventure-pyreneenne.com\/"},{"@type":"ListItem","position":2,"name":"Blog"}]},{"@type":"WebSite","@id":"https:\/\/www.maj.aventure-pyreneenne.com\/#website","url":"https:\/\/www.maj.aventure-pyreneenne.com\/","name":"Aventure Pyr\u00e9n\u00e9enne","description":"#LiveYourAdventure","potentialAction":[{"@type":"SearchAction","target":{"@type":"EntryPoint","urlTemplate":"https:\/\/www.maj.aventure-pyreneenne.com\/?s={search_term_string}"},"query-input":{"@type":"PropertyValueSpecification","valueRequired":true,"valueName":"search_term_string"}}],"inLanguage":"fr-FR"}]}},"_links":{"self":[{"href":"https:\/\/www.maj.aventure-pyreneenne.com\/index.php\/wp-json\/wp\/v2\/pages\/29","targetHints":{"allow":["GET"]}}],"collection":[{"href":"https:\/\/www.maj.aventure-pyreneenne.com\/index.php\/wp-json\/wp\/v2\/pages"}],"about":[{"href":"https:\/\/www.maj.aventure-pyreneenne.com\/index.php\/wp-json\/wp\/v2\/types\/page"}],"author":[{"embeddable":true,"href":"https:\/\/www.maj.aventure-pyreneenne.com\/index.php\/wp-json\/wp\/v2\/users\/2"}],"replies":[{"embeddable":true,"href":"https:\/\/www.maj.aventure-pyreneenne.com\/index.php\/wp-json\/wp\/v2\/comments?post=29"}],"version-history":[{"count":5,"href":"https:\/\/www.maj.aventure-pyreneenne.com\/index.php\/wp-json\/wp\/v2\/pages\/29\/revisions"}],"predecessor-version":[{"id":2191,"href":"https:\/\/www.maj.aventure-pyreneenne.com\/index.php\/wp-json\/wp\/v2\/pages\/29\/revisions\/2191"}],"wp:attachment":[{"href":"https:\/\/www.maj.aventure-pyreneenne.com\/index.php\/wp-json\/wp\/v2\/media?parent=29"}],"curies":[{"name":"wp","href":"https:\/\/api.w.org\/{rel}","templated":true}]}}